rivative of j(l). Determine k(-1).
0
Let m(n) = n**2 + 8*n + 3. Let t be 1 + -4 + -8 + 2. Let x(r) = 2*r**2 + 16*r + 6. Let j(k) = t*m(k) + 4*x(k). Determine j(-8).
-3
Suppose 2*t - 2 = 3*t. Let l(o) = -81*o**3 - o - 90*o**3 - 20*o**2 + 170*o**3 + 18*o**2. What is l(t)?
2
Let u(n) be the third derivative of n**5/6 + 29*n**4/24 + n**3/2 - 3*n**2 - 2*n - 24. Determine u(-3).
6
Let f(r) be the first derivative of -3*r**4/2 + 3*r**2/2 - 2*r - 3756. Give f(1).
-5
Let m(f) be the second derivative of 7*f**3/3 - 9*f**2/2 - 111*f. Let t(z) = -5*z + 3. Let b(a) = -3*m(a) - 8*t(a). Suppose -6 = -r + 1. What is b(r)?
-11
Let x be (-21)/105 - (-26)/(-10)*3. Let v(j) = -j**3 - 8*j**2 + 8*j - 7. Determine v(x).
-71
Let m(d) = -d**3 - 7*d**2 + 3*d + 8. Let o = 20 - 17. Suppose i + 20 = -o*j, -3*i - 5 = 2*j + 6. Determine m(j).
-13
Let r(j) be the first derivative of 3*j**3 - 49*j**2/2 - 32*j + 2606. What is r(6)?
-2
Let y(g) = -g. Let w(j) = -4*j - 4. Let n(a) = w(a) - 3*y(a). Suppose -27 = 5*i - 2. Let u be (24/30)/(1/i). Calculate n(u).
0
Let h(d) be the second derivative of -d**6/720 - d**5/24 + d**4/12 - 11*d**2/2 + 2*d + 64. Let t(g) be the third derivative of h(g). Calculate t(0).
-5
Let t(w) be the second derivative of -w**4/3 - 10*w**3/3 - 2*w**2 - 5650*w. What is t(-5)?
-4
Let c = 689 - 687. Let o(w) = -224*w**2 + 219*w**c + 6*w + 4 - 3*w + 2*w**3. Determine o(3).
22
Let i(b) = 5*b - 1. Let m(o) = 5*o - 2. Let n(x) = -6*i(x) + 8*m(x). Determine n(5).
40
Let o(b) = -b**3 - 13. Let c be o(0). Suppose -68*n - 62*n + 15042 - 3212 = 0. Let k be n/c + 2*2. Let s(f) = -f**3 - 4*f**2 - 3*f + 3. What is s(k)?
3
Suppose -130 = 5*i + 50. Let s = -26 - i. Suppose -22*v = -24*v - s. Let b(h) = h**2 + 4*h + 5. Determine b(v).
10
Let u(c) = c**3 + 9*c**2 - 57*c + 14. Let w(y) = -y**3 - 12*y**2 + 57*y - 18. Let f(d) = -5*u(d) - 6*w(d). What is f(-29)?
9
Let d be (-6)/4 - (-18)/12. Suppose 0 = 2*p - 2*m - 2 + 10, d = 4*p - 2*m + 8. Let f(a) = -13*a - 4. Let k(q) = 11*q + 3. Let x(i) = 5*f(i) + 6*k(i). Give x(p).
-2
Let n be (-18)/(-45) - 84/(-15). Let z(l) = 5*l**2 + 4*l**2 - n*l**2 + 6*l**3 - 1 - l - 2*l**2. What is z(-1)?
-5
Let b(q) be the first derivative of 5*q**4/12 - q**3/6 - q**2 - q - 162. Let d(v) be the second derivative of b(v). Give d(-2).
-21
Let h(w) = -w**3 - 8*w**2 - 12*w - 4. Let f(m) = m**3 + 4*m**2 + 10*m + 126. Let u be f(-6). What is h(u)?
-4
Let y(c) = -2*c**3 - 7*c**2 + 12*c. Let a(i) = -7*i**3 - 26*i**2 + 45*i - 1. Let h(k) = 3*a(k) - 11*y(k). What is h(-3)?
-48
Let k(x) = 2*x**2 - 3*x**2 - 4 + 6*x + 0. Let s = -30 - -40. Let m be 6/(-3)*s/(-4). What is k(m)?
1
Let d = -58 + 74. Let c(t) = 5*t - 3. Let x be c(d). Let y(b) = 0*b - b - 75 + 0*b + x. Calculate y(5).
-3
Let q be 4/((-2)/2) + 3 + 7. Suppose 3*j = -12 - q. Let y(a) = -a**2 - 8*a + 1. What is y(j)?
13
Let b(v) = 1517 - 4*v - 16*v - 1518. Calculate b(1).
-21
Let b(n) be the first derivative of n**3/3 + 7*n**2 - 104*n + 146. Give b(-19).
-9
Let a(p) = 1040082 + 0*p - 1040183 - 6*p. Calculate a(-17).
1
Let q(r) be the first derivative of 25*r**2/2 + 60*r - 3070. Determine q(-3).
-15
Let i(w) be the third derivative of w**6/120 - 7*w**5/60 + w**4/12 + w**3/3 + w**2 - 646. Determine i(5).
-38
Suppose 0 = 2*x - 2*v + 4, -2*v - 30 = 5*x + 3*v. Let p(j) be the second derivative of -1/6*j**3 + 0 - 6*j - j**2. Give p(x).
2
Let w(h) = -h**3 + 29*h**2 - 28*h. Suppose -33*z + 617 = -307. Determine w(z).
0
Let i be 574 + -575 + (-2)/(2/(-1)). Let k(t) = -t**3 + t**2 + 37. Give k(i).
37
Let d(c) = -c**2 + 11. Let h(o) = -2*o**2 + 76*o + 533. Let z be h(44). Calculate d(z).
-14
Let w(b) = 5 - 1 - 3 + 3 + 2*b. Suppose 0 = -216*j + 222*j - 126. Suppose 30 = -31*h + j*h. Calculate w(h).
-2
Suppose 0*q + 3*q - 27 = 0. Let p(f) = -2*f - 6*f + 6*f + q. Calculate p(9).
-9
Let b(c) = -2*c**2 - 13*c + 15. Let j be b(-7). Let n(y) = -6 + 2 - j*y + y**2 + 2*y + 0. Let h(d) = d**2 - 11*d + 16. Let r be h(10). Calculate n(r).
-4
Suppose 0 = -2*b - 9*z + 66, -122*b + 127*b - 2*z = 18. Let t(f) = 2*f**2 - 4*f - 17. Determine t(b).
31
Let j(w) = w**3 - 11*w**2 + w + 7. Let d(y) = -y**3 - 4*y**2 - 4*y - 5. Let p be d(-4). Determine j(p).
18
Let a(w) = w**2 - 4*w - 16. Suppose 12*k = -2 + 74. Let u be a(k). Let t(y) = -7*y - 2. Give t(u).
26
Let k(l) = -9*l**2 - l - 2. Let j(s) = 33*s**2 + 12*s + 25. Let n(x) = j(x) + 4*k(x). Calculate n(-3).
-34
Let l be (-3)/2*3116/(-38). Let j(s) = -7*s**2 - l - s + 124 - s**2. Determine j(2).
-33
Let z(r) = r**2 + r + 3. Let x(b) = b**3 + 8*b**2 + 17*b - 3. Let p be x(-5). Let w be (p + (-456)/(-40))/(2/5). Give z(w).
15
Let n(d) = 2*d**2 - 19*d + 16. Let a be (17 + 1)/((-13)/(39/(-6))). Calculate n(a).
7
Let s = 22500 - 22494. Let b(c) = -2 - 2 - c**3 + 5*c**2 + 2 + 7*c. Give b(s).
4
Let h(g) = 131*g + 35. Let z(v) = -259*v - 91. Let a(b) = -5*h(b) - 2*z(b). Determine a(-1).
144
Let j(m) be the second derivative of -m**5/20 - 5*m**4/6 - 2*m**3/3 - 17*m**2 - 79*m + 30. What is j(-10)?
6
Let g(c) = -3*c - 3. Let s(u) = -775 + 259 + 255 + 262. Let f(b) = -g(b) - 4*s(b). What is f(1)?
2
Suppose -11*l = 79 - 112. Suppose 27 = -x + 7. Let v be (-7)/((-84)/x)*l/(-1). Let o(z) = -z**3 + 5*z**2 + z - 3. Determine o(v).
2
Let p(d) = -2*d**3 - 23*d**2 - 11*d + 8. Let u(t) = 2*t**3 - 10*t**2 - 15*t + 7. Let c be u(6). Calculate p(c).
8
Suppose -4*f - 9*k + 11*k = 28, -f + 11 = -5*k. Let c(j) be the second derivative of 5*j**3/6 + 4*j**2 + 22*j + 2. Determine c(f).
-37
Let w(n) be the third derivative of 1/3*n**3 - 10*n**2 + 0*n - 1/24*n**4 + 6. Determine w(-3).
5
Let t(x) = 4*x**2 + 35*x + 7. Let j = 31949 + -31959. Give t(j).
57
Let z(f) be the first derivative of -f**2/2 + 11*f - 5330. Let q = -6 - -11. Suppose -6*c + c = -2*j + 40, 4*j + q*c = 20. Give z(j).
1
Let k be ((-165)/220)/(2/(-8)). Let q(c) = 3*c**3 - 1 + 7*c**2 - 5*c**2 + 2*c**3 - k*c**2 - 4*c**3. What is q(1)?
-1
Let x = -190 - -193. Let m(j) = -10 - j + 0*j**2 + 1635*j**x - 1634*j**3 + j**2 - j**2. Suppose 4*r = 3*l + 12, r = -2*r + 5*l + 20. Give m(r).
-10
Let j(a) = a**3 - 2 + a**3 - a - 5*a**3. Suppose -o = -2*u - 3, 4*o - 525 + 519 = 5*u. Give j(u).
24
Let f(a) = a**3 + 37*a**2 - 124*a - 151. Let m be (360/150)/((-3)/50). What is f(m)?
9
Let b be 4/((-12)/3)*0. Let p(i) = i - 2. Let u(r) = -3*r + 9. Let w(s) = -11*p(s) - 3*u(s). Calculate w(b).
-5
Let h(k) = -16 - 17*k - 21*k**2 - 28*k**2 + 117*k**2 - 36*k**2 - 28*k**2. What is h(5)?
-1
Let i = 5 - 3. Let t(u) = -2 + i + 1 - u. Let o = 7660 - 7657. Give t(o).
-2
Let b(l) = l**2 - l - 2. Let h be b(1). Let u(k) = 21*k**2 - 12*k - 5. Let n(c) = 4*c**2 - 2*c - 1. Let o(g) = -7*n(g) + u(g). Calculate o(h).
-30
Let n be ((-222)/(-148)*32/12)/(2/(-4)). Let i(t) = -13*t - 57. Calculate i(n).
47
Let l(o) be the first derivative of -o**3/6 + 7*o**2/2 + 77*o - 21. Let g(j) be the first derivative of l(j). What is g(3)?
4
Let f(k) = -3*k + 13. Let l = -1026 - -1566. Let o = l + -534. Determine f(o).
-5
Let q(l) be the first derivative of -l**4/4 - 13*l**3/3 - 6*l**2 - 1. Let t = -113 + 113. Suppose 24*k - 26 + 314 = t. What is q(k)?
0
Let w(g) be the first derivative of g**3/3 - 17*g**2/2 - 63*g - 968. Give w(-3).
-3
Suppose -13*u = -10*u. Suppose u = 4*i - 5*c - 5, 5*i - 5*c - 3 - 2 = 0. Let b(y) = 4*y - 4*y + 0*y + 5 - y + y**2 - y**3. Determine b(i).
5
Let k be -30*(-2)/4*-1. Let w = k - -5. Let z(x) = x**3 + 11*x**2 + 10*x - 7. What is z(w)?
-7
Let a be (-8)/(-6)*(-45)/12. Let b(f) = 5*f - 8. Give b(a).
-33
Let u(h) be the second derivative of -3*h**3/2 - 157*h**2/2 - 939*h. Determine u(-15).
-22
Let l = 241 - 239. Let w(q) = -8*q**2 - 4*q + l*q**2 + 0*q**2 - 3*q + q**3 + 1. Let a(m) = m**3 + 4*m**2 + 2*m + 3. Let z be a(-2). Determine w(z).
1
Let d(y) = -3*y**2 - 8*y + 2573. Let m be d(28). Let q(p) be the first derivative of -p**2 - p - 1. Determine q(m).
5
Suppose -1278*t = -1272*t - 48. Let n(b) = 18408*b**3 + 4*b**2 - 5*b + 4*b**2 + t - 18407*b**3. Give n(-9).
-28
Let z(k) = k**2 + 8*k + 5. Let i(h) = -2*h**3 - 14*h**2 + 14*h - 20. Let g be i(-8). Give z(g).
-11
Let q(d) be the third derivative of -d**4/8 + 16*d**3 - 61*d**2 - 2*d. What is q(29)?
9
Let b(d) = -178*d**3 - 16*d**2 + 16. Let i(o) = -55*o**3 - 5*o**2 + 5. Let s(c) = 4*b(c) - 13*i(c). Let h be (-1 - -1) 